{"id":359,"date":"2016-11-17T14:44:07","date_gmt":"2016-11-17T14:44:07","guid":{"rendered":"http:\/\/www.fonaprace.andifes.org.br\/site\/?page_id=359"},"modified":"2016-11-17T14:50:07","modified_gmt":"2016-11-17T14:50:07","slug":"perfil-socioeconomico","status":"publish","type":"page","link":"https:\/\/www.fonaprace.andifes.org.br\/site\/index.php\/documentos\/perfil-socioeconomico\/","title":{"rendered":"Assist\u00eancia Estudantil"},"content":{"rendered":"<p><a href=\"http:\/\/www.fonaprace.andifes.org.br\/site\/wp-content\/uploads\/2016\/05\/perfil-socioeconc3b4mico-e-cultural-dos-estudantes-de-graduac3a7c3a3o-das-universidades-federais-brasileiras3-1.pdf\" rel=\"\">Perfil Socioecon\u00f4mico e Cultural dos Estudantes de Gradua\u00e7\u00e3o das Universidades Federais Brasileiras<\/a><\/p>\n<p><a href=\"http:\/\/www.fonaprace.andifes.org.br\/site\/wp-content\/uploads\/2016\/05\/perfil-socioeconc3b4mico-e-cultural-dos-alunos-de-graduac3a7c3a3o-das-ifes3.pdf\" rel=\"\">Perfil socioecon\u00f4mico e cultural dos alunos de gradua\u00e7\u00e3o das IFES<\/a><\/p>\n<p><a href=\"http:\/\/www.fonaprace.andifes.org.br\/site\/wp-content\/uploads\/2016\/05\/matriz_assistencia-estudantil-brasc3adlia-1212071-2.pdf\" rel=\"\">Matriz_Assist\u00eancia Estudantil Bras\u00edlia 121207<\/a><\/p>\n<p><a href=\"http:\/\/www.fonaprace.andifes.org.br\/site\/wp-content\/uploads\/2016\/05\/plano-nacional-de-assistc3aancia-estudantil-da-andifes3.pdf\" rel=\"\">Plano Nacional de Assist\u00eancia Estudantil da Andifes<\/a><\/p>\n<p><a href=\"http:\/\/www.fonaprace.andifes.org.br\/site\/wp-content\/uploads\/2016\/05\/portaria-bolsas-permanc3aancia-mec-nc2ba-24-01-2013-anexo-ii.docx\" rel=\"\">Portaria Bolsas Perman\u00eancia MEC n\u00ba 24 01 2013 Anexo II<\/a><\/p>\n","protected":false},"excerpt":{"rendered":"<p>Perfil Socioecon\u00f4mico e Cultural dos Estudantes de Gradua\u00e7\u00e3o das Universidades Federais Brasileiras Perfil socioecon\u00f4mico e cultural dos alunos de gradua\u00e7\u00e3o das IFES Matriz_Assist\u00eancia Estudantil Bras\u00edlia 121207 Plano Nacional de Assist\u00eancia Estudantil da Andifes Portaria Bolsas Perman\u00eancia MEC n\u00ba 24 01 2013 Anexo II<\/p>\n","protected":false},"author":1,"featured_media":0,"parent":109,"menu_order":0,"comment_status":"closed","ping_status":"closed","template":"","meta":{"footnotes":""},"class_list":["post-359","page","type-page","status-publish","hentry"],"_links":{"self":[{"href":"https:\/\/www.fonaprace.andifes.org.br\/site\/index.php\/wp-json\/wp\/v2\/pages\/359","targetHints":{"allow":["GET"]}}],"collection":[{"href":"https:\/\/www.fonaprace.andifes.org.br\/site\/index.php\/wp-json\/wp\/v2\/pages"}],"about":[{"href":"https:\/\/www.fonaprace.andifes.org.br\/site\/index.php\/wp-json\/wp\/v2\/types\/page"}],"author":[{"embeddable":true,"href":"https:\/\/www.fonaprace.andifes.org.br\/site\/index.php\/wp-json\/wp\/v2\/users\/1"}],"replies":[{"embeddable":true,"href":"https:\/\/www.fonaprace.andifes.org.br\/site\/index.php\/wp-json\/wp\/v2\/comments?post=359"}],"version-history":[{"count":6,"href":"https:\/\/www.fonaprace.andifes.org.br\/site\/index.php\/wp-json\/wp\/v2\/pages\/359\/revisions"}],"predecessor-version":[{"id":369,"href":"https:\/\/www.fonaprace.andifes.org.br\/site\/index.php\/wp-json\/wp\/v2\/pages\/359\/revisions\/369"}],"up":[{"embeddable":true,"href":"https:\/\/www.fonaprace.andifes.org.br\/site\/index.php\/wp-json\/wp\/v2\/pages\/109"}],"wp:attachment":[{"href":"https:\/\/www.fonaprace.andifes.org.br\/site\/index.php\/wp-json\/wp\/v2\/media?parent=359"}],"curies":[{"name":"wp","href":"https:\/\/api.w.org\/{rel}","templated":true}]}}